{"id":3622,"date":"2021-05-20T13:14:44","date_gmt":"2021-05-20T16:14:44","guid":{"rendered":"https:\/\/oceanturismo.com.br\/?page_id=3622"},"modified":"2021-05-20T13:14:44","modified_gmt":"2021-05-20T16:14:44","slug":"saude-dicas-e-vacinas","status":"publish","type":"page","link":"https:\/\/oceanturismo.com.br\/?page_id=3622","title":{"rendered":"Sa\u00fade &#8211; Dicas e vacinas"},"content":{"rendered":"<p class=\"text-justify\">A \u00c1rea de Orienta\u00e7\u00e3o e Controle Sanit\u00e1rio de Viajantes tem como uma de suas responsabilidades estabelecer medidas para diminuir os riscos de um viajante vir a adquirir qualquer doen\u00e7a ou agravo de import\u00e2ncia em sa\u00fade p\u00fablica durante a viagem. Por sua vez, as empresas de transportes de passageiros devem cumprir a legisla\u00e7\u00e3o, orientar e exigir que os viajantes apresentem os documentos necess\u00e1rios, al\u00e9m de adotar as medidas preconizadas pela autoridade sanit\u00e1ria frente a eventos de interesse \u00e0 sa\u00fade p\u00fablica. Da mesma forma, os viajantes devem prestar informa\u00e7\u00f5es necess\u00e1rias e apoiar as medidas estabelecidas. Ou seja, todos devem unir esfor\u00e7os para proteger a sa\u00fade da popula\u00e7\u00e3o. Para tanto, a principal medida utilizada \u00e9 a informa\u00e7\u00e3o direcionada para cuidados com a sa\u00fade, que visam a preven\u00e7\u00e3o ou diminui\u00e7\u00e3o do risco de exposi\u00e7\u00e3o a uma doen\u00e7a ou agravo.<\/p>\n<p class=\"text-justify\">Verifique se o local para onde voc\u00ea vai viajar exige para a entrada, que sejam tomadas doses de certas vacinas, o que \u00e9 comum na \u00c1frica e em alguns pa\u00edses asi\u00e1ticos. Caso voc\u00ea tenha algum problema de sa\u00fade ou esteja em tratamento, antes de programar a viagem consulte o seu m\u00e9dico e diga-lhe sobre suas inten\u00e7\u00f5es de viajar. Para saber mais sobre o certificado internacional de vacina\u00e7\u00e3o\u00a0<a href=\"http:\/\/portal.anvisa.gov.br\/resultado-de-busca?p_p_id=101&amp;p_p_lifecycle=0&amp;p_p_state=maximized&amp;p_p_mode=view&amp;p_p_col_id=column-1&amp;p_p_col_count=1&amp;_101_struts_action=%2Fasset_publisher%2Fview_content&amp;_101_assetEntryId=3684260&amp;_101_type=content&amp;_101_groupId=219201&amp;_101_urlTitle=como-tirar-o-certificado-internacional-de-vacinacao-&amp;redirect=http%3A%2F%2Fportal.anvisa.gov.br%2Fresultado-de-busca%3Fp_p_id%3D3%26p_p_lifecycle%3D0%26p_p_state%3Dnormal%26p_p_mode%3Dview%26p_p_col_id%3Dcolumn-1%26p_p_col_count%3D1%26_3_groupId%3D0%26_3_keywords%3DCertificado%26_3_cur%3D1%26_3_struts_action%3D%252Fsearch%252Fsearch%26_3_format%3D%26_3_formDate%3D1441824476958&amp;inheritRedirect=true\" target=\"_blank\" rel=\"noopener\">clique aqui<\/a>. Acesse o guia de sa\u00fade do viajante da ANVISA.<\/p>\n<p class=\"text-justify\">Para mais informa\u00e7\u00f5es acesse:\u00a0<a href=\"http:\/\/portal.anvisa.gov.br\/\" target=\"_blank\" rel=\"noopener\">http:\/\/portal.anvisa.gov.br<\/a><\/p>\n","protected":false},"excerpt":{"rendered":"<p>A \u00c1rea de Orienta\u00e7\u00e3o e Controle Sanit\u00e1rio de Viajantes tem como uma de suas responsabilidades estabelecer medidas para diminuir os riscos de um viajante vir a adquirir qualquer doen\u00e7a ou agravo de import\u00e2ncia em sa\u00fade p\u00fablica durante a viagem. Por sua vez, as empresas de transportes [&hellip;]<\/p>\n","protected":false},"author":1,"featured_media":0,"parent":0,"menu_order":0,"comment_status":"closed","ping_status":"closed","template":"","meta":{"footnotes":""},"class_list":["post-3622","page","type-page","status-publish","hentry"],"jetpack_sharing_enabled":true,"jetpack-related-posts":[{"id":3615,"url":"https:\/\/oceanturismo.com.br\/?page_id=3615","url_meta":{"origin":3622,"position":0},"title":"Direitos do viajante","author":"galdino.ws","date":"20 de maio de 2021","format":false,"excerpt":"Conhe\u00e7a os direitos que, como viajante, nas mais diversas situa\u00e7\u00f5es, voc\u00ea possui em qualquer lugar do mundo. Atraso ou Interrup\u00e7\u00e3o de Voo Atrasos de quatro horas ou mais nos voos permitem o endosso do valor do bilhete e de todas as despesas decorrentes do atraso ou da interrup\u00e7\u00e3o de voos\u2026","rel":"","context":"Post similar","block_context":{"text":"Post similar","link":""},"img":{"alt_text":"","src":"","width":0,"height":0},"classes":[]},{"id":3609,"url":"https:\/\/oceanturismo.com.br\/?page_id=3609","url_meta":{"origin":3622,"position":1},"title":"Alf\u00e2ndega","author":"galdino.ws","date":"20 de maio de 2021","format":false,"excerpt":"Quais s\u00e3o os cuidados e cotas necess\u00e1rias para n\u00e3o ter problemas na alf\u00e2ndega? Embarque: N\u00e3o h\u00e1 cota para embarque no Brasil, mas as compras realizadas aqui est\u00e3o inclusas dentro da cota do exterior, de US$ 500,00, e que n\u00e3o considera roupas e objetos de uso pessoal. Por isso, \u00e9 o\u2026","rel":"","context":"Post similar","block_context":{"text":"Post similar","link":""},"img":{"alt_text":"","src":"","width":0,"height":0},"classes":[]},{"id":3604,"url":"https:\/\/oceanturismo.com.br\/?page_id=3604","url_meta":{"origin":3622,"position":2},"title":"Documenta\u00e7\u00e3o e vistos","author":"galdino.ws","date":"20 de maio de 2021","format":false,"excerpt":"Alertas importantes Leve consigo os endere\u00e7os e telefones das Embaixadas e Consulados brasileiros no seu pa\u00eds de destino. Em caso de dificuldade n\u00e3o hesite em contat\u00e1-las; Caso seja detido por alguma autoridade estrangeira, voc\u00ea tem o direito de pedir para telefonar para sua Embaixada ou Consulado. Fa\u00e7a uso desse direito;\u2026","rel":"","context":"Post similar","block_context":{"text":"Post similar","link":""},"img":{"alt_text":"","src":"","width":0,"height":0},"classes":[]},{"id":3597,"url":"https:\/\/oceanturismo.com.br\/?page_id=3597","url_meta":{"origin":3622,"position":3},"title":"Sustentabilidade","author":"galdino.ws","date":"20 de maio de 2021","format":false,"excerpt":"Viajamos pelo mundo, questionando o que podemos fazer por ele. Atento ao planeta, \u00e0s pessoas e \u00e0s melhores pr\u00e1ticas corporativas, a Ocean Turismo adota pr\u00e1ticas sustent\u00e1veis alinhadas \u00e0s metas da Agenda 2030 da ONU \u2013 Organiza\u00e7\u00e3o das Na\u00e7\u00f5es Unidas. Isso quer dizer que, al\u00e9m de entendermos a amplitude e alcance\u2026","rel":"","context":"Post similar","block_context":{"text":"Post similar","link":""},"img":{"alt_text":"","src":"","width":0,"height":0},"classes":[]},{"id":3602,"url":"https:\/\/oceanturismo.com.br\/?page_id=3602","url_meta":{"origin":3622,"position":4},"title":"Dicas para sua viagem","author":"galdino.ws","date":"20 de maio de 2021","format":false,"excerpt":"Viajando com crian\u00e7as Os cuidados em rela\u00e7\u00e3o a crian\u00e7as e adolescentes come\u00e7am na retirada do passaporte, se a viagem for internacional. Todos com menos de 18 anos de idade precisam da autoriza\u00e7\u00e3o expressa dos pais ou dos representantes legais, com firma reconhecida em cart\u00f3rio, n\u00fameros das c\u00e9dulas de identidade e\u2026","rel":"","context":"Post similar","block_context":{"text":"Post similar","link":""},"img":{"alt_text":"","src":"","width":0,"height":0},"classes":[]},{"id":3606,"url":"https:\/\/oceanturismo.com.br\/?page_id=3606","url_meta":{"origin":3622,"position":5},"title":"Convers\u00e3o de medidas","author":"galdino.ws","date":"20 de maio de 2021","format":false,"excerpt":"Cal\u00e7ados Cal\u00e7ados Masculinos Brasil Inglaterra EUA Fran\u00e7a 36 5 5 38 37 6 6 39 38 7 7 40 39 7,5 7,5 41 40 8 8 42 41 9 9 43 42 10 10 44 Cal\u00e7ados Femininos Brasil Inglaterra EUA Fran\u00e7a 36 3,5 4,5 36 - 4 5 36,5 37\u2026","rel":"","context":"Post similar","block_context":{"text":"Post similar","link":""},"img":{"alt_text":"","src":"","width":0,"height":0},"classes":[]}],"_links":{"self":[{"href":"https:\/\/oceanturismo.com.br\/index.php?rest_route=\/wp\/v2\/pages\/3622","targetHints":{"allow":["GET"]}}],"collection":[{"href":"https:\/\/oceanturismo.com.br\/index.php?rest_route=\/wp\/v2\/pages"}],"about":[{"href":"https:\/\/oceanturismo.com.br\/index.php?rest_route=\/wp\/v2\/types\/page"}],"author":[{"embeddable":true,"href":"https:\/\/oceanturismo.com.br\/index.php?rest_route=\/wp\/v2\/users\/1"}],"replies":[{"embeddable":true,"href":"https:\/\/oceanturismo.com.br\/index.php?rest_route=%2Fwp%2Fv2%2Fcomments&post=3622"}],"version-history":[{"count":0,"href":"https:\/\/oceanturismo.com.br\/index.php?rest_route=\/wp\/v2\/pages\/3622\/revisions"}],"wp:attachment":[{"href":"https:\/\/oceanturismo.com.br\/index.php?rest_route=%2Fwp%2Fv2%2Fmedia&parent=3622"}],"curies":[{"name":"wp","href":"https:\/\/api.w.org\/{rel}","templated":true}]}}