{"id":3842,"date":"2021-07-02T09:40:43","date_gmt":"2021-07-02T12:40:43","guid":{"rendered":"https:\/\/oceanturismo.com.br\/?page_id=3842"},"modified":"2021-07-02T12:17:46","modified_gmt":"2021-07-02T15:17:46","slug":"dupla-cidadania","status":"publish","type":"page","link":"https:\/\/oceanturismo.com.br\/?page_id=3842","title":{"rendered":"Dupla Cidadania"},"content":{"rendered":"<h4>O que \u00e9 Dupla Cidadania<b>?<\/b><\/h4>\n<p>A dupla cidadania \u00e9 a condi\u00e7\u00e3o espec\u00edfica de um cidad\u00e3o que \u00e9 titular de duas nacionalidades. No Brasil, a realiza\u00e7\u00e3o desse procedimento \u00e9 legalizado pela Constitui\u00e7\u00e3o Federal e permitido para todo cidad\u00e3o brasileiro.<\/p>\n<div class=\"wpforms-container wpforms-container-full\" id=\"wpforms-3840\"><form id=\"wpforms-form-3840\" class=\"wpforms-validate wpforms-form\" data-formid=\"3840\" method=\"post\" enctype=\"multipart\/form-data\" action=\"\/index.php?rest_route=%2Fwp%2Fv2%2Fpages%2F3842\" data-token=\"00c12360f6534cb237a22209691d0907\"><noscript class=\"wpforms-error-noscript\">Ative o JavaScript no seu navegador para preencher este formul\u00e1rio.<\/noscript><div class=\"wpforms-field-container\"><div id=\"wpforms-3840-field_1-container\" class=\"wpforms-field wpforms-field-text\" data-field-id=\"1\"><label class=\"wpforms-field-label\" for=\"wpforms-3840-field_1\">Nome <span class=\"wpforms-required-label\">*<\/span><\/label><input type=\"text\" id=\"wpforms-3840-field_1\" class=\"wpforms-field-large wpforms-field-required\" name=\"wpforms[fields][1]\" required><\/div><div id=\"wpforms-3840-field_3-container\" class=\"wpforms-field wpforms-field-text\" data-field-id=\"3\"><label class=\"wpforms-field-label\" for=\"wpforms-3840-field_3\">Telefone ex: (99)9999-9999  <span class=\"wpforms-required-label\">*<\/span><\/label><input type=\"text\" id=\"wpforms-3840-field_3\" class=\"wpforms-field-large wpforms-field-required\" name=\"wpforms[fields][3]\" required><\/div><div id=\"wpforms-3840-field_4-container\" class=\"wpforms-field wpforms-field-text\" data-field-id=\"4\"><label class=\"wpforms-field-label\" for=\"wpforms-3840-field_4\">E-mal <span class=\"wpforms-required-label\">*<\/span><\/label><input type=\"text\" id=\"wpforms-3840-field_4\" class=\"wpforms-field-large wpforms-field-required\" name=\"wpforms[fields][4]\" required><\/div><div id=\"wpforms-3840-field_13-container\" class=\"wpforms-field wpforms-field-text\" data-field-id=\"13\"><label class=\"wpforms-field-label\" for=\"wpforms-3840-field_13\">Nacionalidade que deseja informa\u00e7\u00f5es <span class=\"wpforms-required-label\">*<\/span><\/label><input type=\"text\" id=\"wpforms-3840-field_13\" class=\"wpforms-field-large wpforms-field-required\" name=\"wpforms[fields][13]\" required><\/div><\/div><!-- .wpforms-field-container --><div class=\"wpforms-submit-container\" ><input type=\"hidden\" name=\"wpforms[id]\" value=\"3840\"><input type=\"hidden\" name=\"wpforms[author]\" value=\"1\"><button type=\"submit\" name=\"wpforms[submit]\" id=\"wpforms-submit-3840\" class=\"wpforms-submit\" data-alt-text=\"Enviando...\" data-submit-text=\"Enviar\" aria-live=\"assertive\" value=\"wpforms-submit\">Enviar<\/button><\/div><\/form><\/div>  <!-- .wpforms-container -->\n","protected":false},"excerpt":{"rendered":"<p>O que \u00e9 Dupla Cidadania? A dupla cidadania \u00e9 a condi\u00e7\u00e3o espec\u00edfica de um cidad\u00e3o que \u00e9 titular de duas nacionalidades. No Brasil, a realiza\u00e7\u00e3o desse procedimento \u00e9 legalizado pela Constitui\u00e7\u00e3o Federal e permitido para todo cidad\u00e3o brasileiro.<\/p>\n","protected":false},"author":1,"featured_media":2749,"parent":0,"menu_order":0,"comment_status":"open","ping_status":"closed","template":"","meta":{"footnotes":""},"class_list":["post-3842","page","type-page","status-publish","has-post-thumbnail","hentry"],"jetpack_sharing_enabled":true,"jetpack-related-posts":[{"id":3597,"url":"https:\/\/oceanturismo.com.br\/?page_id=3597","url_meta":{"origin":3842,"position":0},"title":"Sustentabilidade","author":"galdino.ws","date":"20 de maio de 2021","format":false,"excerpt":"Viajamos pelo mundo, questionando o que podemos fazer por ele. Atento ao planeta, \u00e0s pessoas e \u00e0s melhores pr\u00e1ticas corporativas, a Ocean Turismo adota pr\u00e1ticas sustent\u00e1veis alinhadas \u00e0s metas da Agenda 2030 da ONU \u2013 Organiza\u00e7\u00e3o das Na\u00e7\u00f5es Unidas. Isso quer dizer que, al\u00e9m de entendermos a amplitude e alcance\u2026","rel":"","context":"Post similar","block_context":{"text":"Post similar","link":""},"img":{"alt_text":"","src":"","width":0,"height":0},"classes":[]}],"_links":{"self":[{"href":"https:\/\/oceanturismo.com.br\/index.php?rest_route=\/wp\/v2\/pages\/3842","targetHints":{"allow":["GET"]}}],"collection":[{"href":"https:\/\/oceanturismo.com.br\/index.php?rest_route=\/wp\/v2\/pages"}],"about":[{"href":"https:\/\/oceanturismo.com.br\/index.php?rest_route=\/wp\/v2\/types\/page"}],"author":[{"embeddable":true,"href":"https:\/\/oceanturismo.com.br\/index.php?rest_route=\/wp\/v2\/users\/1"}],"replies":[{"embeddable":true,"href":"https:\/\/oceanturismo.com.br\/index.php?rest_route=%2Fwp%2Fv2%2Fcomments&post=3842"}],"version-history":[{"count":2,"href":"https:\/\/oceanturismo.com.br\/index.php?rest_route=\/wp\/v2\/pages\/3842\/revisions"}],"predecessor-version":[{"id":3879,"href":"https:\/\/oceanturismo.com.br\/index.php?rest_route=\/wp\/v2\/pages\/3842\/revisions\/3879"}],"wp:featuredmedia":[{"embeddable":true,"href":"https:\/\/oceanturismo.com.br\/index.php?rest_route=\/wp\/v2\/media\/2749"}],"wp:attachment":[{"href":"https:\/\/oceanturismo.com.br\/index.php?rest_route=%2Fwp%2Fv2%2Fmedia&parent=3842"}],"curies":[{"name":"wp","href":"https:\/\/api.w.org\/{rel}","templated":true}]}}